units digit of (-2)/c + 20/6?
4
What is the units digit of ((-39)/(-5))/((-6)/(-30))?
9
What is the tens digit of (-5)/(10/(-8)) - -354?
5
Let g(s) = s**3 + s**2 + 3. Let q be (6/3)/(-2) + 1. Let o be g(q). Let h(z) = 6*z - 4. What is the units digit of h(o)?
4
Suppose g - 104 = -4. What is the units digit of g?
0
Let v(f) = -2*f**3 - 4*f**2 - 6*f - 7. What is the tens digit of v(-3)?
2
Let v = 10 + -9. Let u(l) be the third derivative of l**6/24 - l**5/60 + l**4/24 - l**3/6 + 2*l**2. What is the units digit of u(v)?
4
Suppose -4*k + 315 + 329 = -4*h, -2*k + 3*h = -321. What is the hundreds digit of k?
1
Suppose 2*g - 265 = -3*g. What is the tens digit of g?
5
Let g = 8 - -7. What is the tens digit of g?
1
Suppose 5*o = -2*k - 2*k + 60, -5*o + 5*k + 60 = 0. What is the units digit of o?
2
Let c be (15*(-1 - 0))/1. Let z = 21 + c. What is the units digit of z - 3/(-3) - 2?
5
Let g = 33 - 18. What is the tens digit of g?
1
What is the tens digit of 6/14 + (-440)/(-35)?
1
Let f = 9 + -18. Let o(k) = k + 15. What is the units digit of o(f)?
6
Suppose 7*k - 4*k - 48 = 0. What is the units digit of k?
6
Let x(y) = y**2 + 5*y. Let k be x(-5). Let u(h) = -h + 3. Let s be u(k). Suppose 4*n = -5*m + 2*n + 31, s*n + 20 = 2*m. What is the units digit of m?
7
Suppose 74 = 4*g - 2*r, 91 + 0 = 5*g - r. Suppose f - g = 7. What is the tens digit of f?
2
Suppose -4*k - 3 = -1091. What is the units digit of k?
2
Let g = 42 - 28. Let r be (-2)/4 + g/4. Suppose -3*v + r = -27. What is the units digit of v?
0
Suppose 4*y + 4*o = 2*y - 8, -5*o = -5*y + 40. Suppose 2*p - y*z = 8, z = -2*p + 3 + 25. What is the tens digit of p?
1
Suppose 6 - 131 = -5*p. What is the tens digit of p?
2
Let z(q) = 13 - 3 - 8*q - 2*q**2 + q**2. What is the tens digit of z(-7)?
1
Suppose 4*v - 117 = -3*d, -3*v - 4*d + 71 = -15. What is the tens digit of v?
3
What is the units digit of (-8)/(((-72)/114)/6)?
6
What is the hundreds digit of (-3 + 0 - 12/(-6)) + 139?
1
Suppose 4*s - 3 = 5. Suppose s*f - 3*i + 0*i = 26, 2*i + 44 = 4*f. What is the units digit of f?
0
Let w = 46 - 41. Suppose n = -5*d + 1 + 27, -2*d - 4*n + 4 = 0. Let h = d - w. What is the units digit of h?
1
Let u = 0 + -3. Let r = u - -2. What is the units digit of (r + 1)/(-2) - -8?
8
Let i(k) be the third derivative of 1/120*k**6 + 0 - 1/2*k**3 - 1/24*k**4 - 2*k**2 + 0*k + 1/6*k**5. What is the units digit of i(-10)?
7
Let i = 2 - -2. Suppose v - 3*j + 6*j - i = 0, 18 = 2*v + j. What is the units digit of v?
0
Let k(b) = b**3 - b. Let s be k(1). Suppose h = 4*g - g - 27, s = -5*g - 4*h + 62. What is the units digit of g?
0
What is the units digit of (2 - 3) + (9 - 1)?
7
Suppose -2*q - 11 = -33. Let j = q + -6. What is the units digit of j?
5
Suppose -3*s = -2*n - 35, -5*s + 95 = 3*n + n. What is the units digit of s?
5
Suppose -4*s = h - 693, s = 2*s - 5*h - 168. What is the units digit of s?
3
Let y(s) be the first derivative of s**4/4 + 8*s**3/3 - 5*s**2 - 6*s + 2. Suppose 4*z - 24 = 4*b, b + 3*z + 45 = -3*b. What is the units digit of y(b)?
3
Suppose -3*n = -6 + 3. Suppose -n - 1 = -t. Suppose 0 = j + w + 3*w - 21, 0 = -t*j - 3*w + 22. What is the units digit of j?
5
Let d be 6/(-15) - 0 - 39/15. Let k(w) = -2*w**3 + 2*w + 1. Let x be k(-1). Let i = x - d. What is the units digit of i?
4
Let y be (-1 + 0)/((-6)/180). Let v be (0 + 2)/((-5)/y). Let x = -5 - v. What is the units digit of x?
7
Suppose -4*j + 0*g + 104 = -4*g, 0 = 2*j - 3*g - 50. What is the units digit of j?
8
Let w be 10/(-4)*(-30)/25. Suppose 37 = -n - w. Let j = n - -56. What is the units digit of j?
6
Suppose -2*b + k = -k - 38, -2*k - 95 = -5*b. What is the units digit of b?
9
Let y be 2/1 - 2 - -6. Let q = 5 + y. What is the tens digit of q?
1
Suppose 2*c = c. Suppose -4*q + 2*k + 12 = 4*k, 0 = -q - 3*k + 8. Let f = c + q. What is the units digit of f?
2
Let s = 8 - 5. Suppose 5*g = -5*c - 0*c - 15, -s*c - 4*g - 12 = 0. Suppose 0*z - 5*z + 10 = c. What is the units digit of z?
2
What is the tens digit of 22*(-5)/(-6)*3?
5
Let q(x) = -x**2 - 6*x - 2. Let u be q(-4). Suppose -12 = -3*d - u. What is the units digit of d?
2
Let f(s) = s - 2. Let b be f(-3). Let q(i) = -i**3 - 4*i**2 + 2*i - 3. What is the units digit of q(b)?
2
Suppose 88 = 3*x - 2*c - 71, -3*c + 93 = 2*x. What is the tens digit of x?
5
Let h = 6 - -30. What is the tens digit of h?
3
Let q(m) = 7*m**2 + 12*m + 21. What is the units digit of q(6)?
5
What is the tens digit of (-58)/(2/(-6)*18/36)?
4
Let o = -13 - -13. Let x = -13 + 21. Let j = x - o. What is the units digit of j?
8
Let m = -63 + 126. What is the units digit of m?
3
Let q(d) = d**3 + 7*d**2 + 4*d - 1. Let g be q(-6). Let y be 210/66 - 2/g. Suppose -3*u = -4*p + 1, -y*p + 2*u = -8*p + 7. What is the units digit of p?
1
Suppose 4*u + 149 = d, 0 = 3*u - 2*d + 3*d + 103. What is the units digit of 8/u + 29/9?
3
Suppose -4*k - 5*s + 8 = 40, 0 = 5*k - 4*s + 40. Suppose z + 2*z - 27 = 0. Let d = z + k. What is the units digit of d?
1
Let m be (-8)/28 + (-32)/(-14). Suppose -3*f = -4*f - 5, -4*b - 22 = m*f. Let u = b + 4. What is the units digit of u?
1
Suppose 2*c - 42 = -j, -5*j - 60 = -2*c - 258. What is the tens digit of j?
4
Suppose -j + 156 = -4*u - 3*j, 3*j = -12. Let m = 72 + u. What is the tens digit of m?
3
Let w(c) = 131*c. What is the tens digit of w(1)?
3
Let m be 20/3*12/10. Let p(f) = f**2 - 14*f + 10. Let q be p(14). Let n = q - m. What is the units digit of n?
2
Let u(i) = i**3 + 2. Let l be u(0). What is the units digit of l - 19/2*-2?
1
Suppose 10 = 6*j - 4*j. Suppose 0 = j*z + 10 - 45. What is the units digit of z?
7
Let d(u) = -u**2 - 7*u + 6. Let a be d(-6). Let c = a + -7. What is the units digit of c?
5
Let p be 3/(9/39)*1. What is the tens digit of p + 3 + -2 - -2?
1
Let n(w) be the first derivative of w**4/4 + 10*w**3/3 - 2*w**2 - 14*w + 8. What is the tens digit of n(-10)?
2
Suppose 5*l = 3*u + 12, -16 = 4*l - 2*l + 4*u. Suppose 4 = -l*i + i. Suppose -b = i*b - 20. What is the units digit of b?
4
Let j be (-1)/2*0 - 2. Let m be 1*(0 - 24/j). Suppose 8 + m = 4*d. What is the units digit of d?
5
Let q be 4/(4/3) + -2. Let p = -2 + q. What is the units digit of -2 + 4 - (p - -1)?
2
Suppose 2*g = o - 63, -3*g = 8 - 2. Let y = -41 + o. What is the units digit of y?
8
Let u be (18/(-4) + 1)*2. What is the units digit of -1 + 1 + (-42)/u?
6
Let q(i) be the first derivative of 7*i**4/4 - i**3/3 + i**2/2 - i + 3. What is the units digit of q(1)?
6
Suppose 2*u + 3*t + 20 = 0, 7 = 5*u + t + 31. Let x(o) = 2*o + 6. Let g be x(u). What is the units digit of -3*(g/(-6) + -1)?
2
Let r(y) = y**3 + 4*y**2 - 5*y + 2. Let f be (-1)/((-12)/16 + 1). What is the units digit of r(f)?
2
Let z = -31 + 55. What is the units digit of z?
4
Suppose -p + 5*i + 37 = 0, -2*p - 2*i = -4*i - 58. What is the tens digit of p?
2
Let u(a) = a**3 - 4*a**2 + 2*a + 4. What is the tens digit of u(4)?
1
Let k be 1140/28 - 2/(-7). Suppose 5*x - 2*j = 2*x + k, -71 = -5*x + 4*j. What is the tens digit of x?
1
Suppose a - 3*y - 6 = 0, -4*a - 5 - 1 = 3*y. Suppose t - 6*t + 60 = a. What is the tens digit of t?
1
Suppose l = -4*l + 3*f + 102, f + 94 = 5*l. Suppose l = 3*k - 15. What is the tens digit of k?
1
Let v = -18 - -8. Let p = v - -15. What is the units digit of p?
5
What is the units digit of 456/20 + 5/25?
3
Suppose -2*s = -43 - 9. What is the tens digit of s?
2
Let m be 8/3*(-9)/(-2). Suppose d = -3*y + m, 8 = 3*d + y - 6*y. Suppose h + 55 = d*h. What is the tens digit of h?
1
Let n(u) = u + 2. Let v be n(-1). Suppose v = o - 16. What is the units digit of o?
7
Suppose -2*w = -s - 7*w + 17, 0 = -w + 3. Suppose s*v - 6 = v. What is the units digit of v?
6
Suppose -n = 2*n - 12. Suppose -1 = 2*s - q + n*q, 0 = 5*q - 5. What is the units digit of ((s - -1) + 5)*2?
8
What is the tens digit of 45/6*26 + 1*-2?
9
What is the tens digit of (-252)/(-5)*(-10)/(-3)?
6
Suppose 13 + 21 = x. What is the units digit of x?
4
Suppose 0*g + 2*g - n - 66 = 0, 4*g - 5*n - 120 = 0. What is the tens digit of g?
3
Let g be (1 + -34)*(-2 - -1). Suppose 3*f - g = 4*s, 2*f - 5*f + s + 24 = 0. What is the units digit of f?
7
Suppose 23 = -2*s + 97. What is the units digit of s?
7
Let r(a) be the third derivative of -a**6/120 + a**5/10 + 3*a**4/8 - a**3/3 - a**2. What